e 1 = 2*a + 2*y - 7, -24 = -3*a + 3*y. Let n(v) = -v**3 + 7*v**2 - 4*v - 4. Let j be n(a). Let o(p) = p**3 - 9*p**2 + 9*p - 6. What is o(j)?
2
Let v(y) = y**2 + 8*y + 8. Let n = 65 - 56. Suppose 5*c - 5 = 5. Let z = c - n. What is v(z)?
1
Let g(v) = -v - 1. Let n be 93*(5 + (-155)/15 + 5). What is g(n)?
30
Let a(j) be the second derivative of j**4/12 + 3*j**3/2 + 7*j**2/2 - j. Let t = -213 - -205. Determine a(t).
-1
Let s(l) be the third derivative of -1/24*l**4 + 0*l - 82 + 2*l**2 - 1/6*l**3. Calculate s(10).
-11
Let p(d) = 3*d - 3. Let w(l) = 12*l + 10. Let x(r) = -6*p(r) + 2*w(r). Calculate x(-8).
-10
Let r be (-6)/(-9) + (-1360)/(-120). Let a(o) = 2*o**3 - 25*o**2 + 8*o + 43. Determine a(r).
-5
Suppose -5 = 5*j + 4*v + 3, 3 = v. Let p(g) be the third derivative of g**4/8 + 3*g**2 - 253*g + 2. Calculate p(j).
-12
Let a(g) = 11*g**3 + 42*g**2 - 37*g - 185. Let i(o) = -5*o**3 - 20*o**2 + 18*o + 84. Let z(k) = 6*a(k) + 13*i(k). Determine z(8).
78
Let i(h) = -3*h**2 + 3*h - 6. Let b(d) = 0*d**2 + 0*d**2 + 0*d**2 + d**2. Let n(z) = -2*b(z) - i(z). Let g(w) be the first derivative of n(w). Give g(3).
3
Let m = -1517 + 1513. Let n(z) = z + 7. What is n(m)?
3
Suppose d + c - 4 = 0, c = d + d - 20. Let v(k) = k**3 - 8*k**2 + k + 10. Give v(d).
18
Let v(l) = l**3 + 12*l**2 - 4*l - 30. Let t be v(-12). Suppose 0 = 5*z + t*z + 253. Let r(m) = m**3 + 10*m**2 - 10*m - 15. What is r(z)?
-26
Let k(g) = -g**2 - 15*g - 39. Let r(l) = -2*l**2 + 95*l + 40. Let c be r(48). Calculate k(c).
17
Let s = 537 + -543. Let p be (-11 + 1)*((-288)/(-30))/s. Let o(q) = -q**3 + 16*q**2 + 8. Determine o(p).
8
Let g(z) = -4*z**2 - 4*z - 2. Suppose -5*v = -3*b + 79 - 67, -5*b + 20 = -2*v. What is g(b)?
-82
Let y be (-696)/(-319) + (-18)/(-22) + -1. Suppose 2*l = -0*f - 2*f - 2, f - 5 = y*l. Let n(m) = 4*m**2 + 2*m - 1. What is n(f)?
5
Let l(i) = -2*i**3 + i**2 + 10*i + 1. Let v(m) be the first derivative of -3*m**4/4 + 2*m**3/3 + 6*m**2 + m + 70. Let j(o) = -5*l(o) + 4*v(o). Give j(2).
-9
Let t(q) = -80*q + 5*q**2 + 80*q + 1 + q**3. Let m = 102 - -52. Let z = m + -158. Give t(z).
17
Let r(b) be the first derivative of b**6/360 + 7*b**5/120 + 274*b**3/3 - 95. Let i(f) be the third derivative of r(f). Determine i(-9).
18
Let t(i) = 2*i**2 + 2*i - 2. Suppose 35 = 6*g - g. Suppose 3*z - g = 2. Suppose 4*s = 4*x + x - 6, 10 = z*x - 4*s. Give t(x).
2
Let q(h) = -143*h + 9. Let f(s) = -14*s + 1. Let v(m) = 21*f(m) - 2*q(m). Calculate v(-5).
43
Suppose 7*p + 13*p - 180 = 0. Let a(r) = 7*r**3 + 4*r**2 - 2*r + 11. Let s(k) = -16*k**3 - 9*k**2 + 5*k - 23. Let w(q) = p*a(q) + 4*s(q). What is w(0)?
7
Let d(u) be the first derivative of -u**5/12 + u**4/12 + 26*u**2 - 39. Let m(v) be the second derivative of d(v). Determine m(2).
-16
Suppose 303 = -5*s - 62. Let i = 82 + s. Let g(r) = -10*r + 15. Let p(w) = -w + 1. Let v(t) = 2*g(t) - 18*p(t). Calculate v(i).
-6
Let r(k) = -k**3 - 8*k**2 + 3*k + 12. Let a be (-7)/((-21)/9) - 1. Suppose -a*j + 9 - 13 = 4*b, -j - 5*b + 7 = 0. Calculate r(j).
-12
Let s(i) = 2*i + 6. Let b(w) = -1398*w - 11180. Let o be b(-8). What is s(o)?
14
Let x(n) be the first derivative of 969 - n**2 - 951 + 12*n + 2*n. Determine x(10).
-6
Let l(j) = 16*j + 26. Let v(i) be the second derivative of 3*i**3/2 + 13*i**2/2 + 85*i. Let y(p) = -3*l(p) + 5*v(p). Calculate y(-10).
17
Let o be (3 - 0) + -1*1. Let p(k) = 6 - o + k + 3. Let d = 2027 + -2033. Determine p(d).
1
Let n(l) = 2*l**2 - 3*l - 3. Let i(v) = 8*v**2 - 15*v - 10. Let s(k) = 2*i(k) - 9*n(k). Let q = 8 - 12. Determine s(q).
-13
Let v(f) = f**3 + 47*f**2 + 44*f - 90. Suppose 0 = -5*k - 230. Let l be v(k). Let q(i) = i**3 + i**2 - 2. Determine q(l).
10
Let b(o) = 166*o - 153. Let n(l) = -2830*l + 2600. Let u(v) = -35*b(v) - 2*n(v). Determine u(1).
5
Let i(h) = 22*h + 158. Let u be i(-7). Let x be (4 + -3)*(u + -1)/3. Let v(r) = -33*r + 10. Let b(z) = 22*z - 7. Let m(s) = -7*b(s) - 5*v(s). Give m(x).
10
Let p(r) be the second derivative of -1/12*r**4 + 0*r**3 + 0 - 42*r + 0*r**2. Calculate p(-3).
-9
Let i be 0/((-2)/11 + (-117)/(-99)). Suppose -5*s + 20 = -5*f, 6*s = 3*s + 5*f + 12. Let t(k) = -2*k - 1 - k + 2*k + s. What is t(i)?
3
Let r(m) = -m**3 - 7*m**2 - 7*m - 220. Let v be r(-9). Let a(w) = -w**3 + 3*w**2 + w + 10. What is a(v)?
-35
Let x be (-30)/105 + 32/14. Suppose -2*o - x*j - 1 = 7, 0 = -o - 2*j. Let q(h) = h + 2. Give q(o).
-6
Let n(y) be the third derivative of y**4/24 + 2*y**3/3 - 2410*y**2. Let j be 14/(-5) - 2/10. Calculate n(j).
1
Let h = -132 - -143. Let r(q) = 5*q + h*q**2 - q**3 + 2 - 14*q**2 - 3*q**2 + 4*q**2. Determine r(-3).
-4
Let n be 4 + (-4180)/(-114)*(-12)/10. Let f(l) = 25*l + 999. Calculate f(n).
-1
Let p(f) = 1 + 15*f - 2 + 0. Let o be (-576)/72*1/((-8)/802). Let q = -803 + o. Give p(q).
-16
Let b be 1 + 20/(-16)*-4. Let n(x) = -25*x**2 + 11 - b*x + 21 + 4*x - 33. What is n(-1)?
-24
Let q be -1 + (-20)/((-2)/1). Let k(v) = 6*v**3 + 40*v**2 + 57*v. Let i(m) = -m**3 - 8*m**2 - 11*m - 1. Let h(f) = -11*i(f) - 2*k(f). Determine h(q).
-7
Let f(j) = 71*j - 2. Let t(h) = 429*h + 90. Let a(n) = -6*f(n) + t(n). Calculate a(-24).
30
Suppose 446*z - 9 = 436*z + 11. Let m(g) be the second derivative of -4/3*g**3 - 1/20*g**5 - 5/6*g**4 - 44*g + 5/2*g**z + 0. Give m(-9).
-4
Let z(f) be the first derivative of -5/2*f**2 - 1/3*f**3 - 35 + 5*f - 1/60*f**5 + 5/24*f**4. Let q(u) be the second derivative of z(u). What is q(4)?
2
Suppose 3*u = -2*m + 55, 7*u = m + 2*u - 34. Suppose 68 + 19 = -m*n. Let b(o) = o**3 - o**2 + o - 1. Give b(n).
-40
Let l(y) = 34*y - 2*y**2 + 11*y + 31*y - 66*y + y**2 - 10. Determine l(12).
-34
Let o(u) = 49*u**2 - 1372*u - 12. Let s be o(28). Let d(x) = -x**2 - 11*x - 8. Calculate d(s).
-20
Let z = -664/9 - -1331/18. Let p(m) be the second derivative of 0*m**2 - z*m**3 + 5/12*m**4 - 3*m + 0. Calculate p(2).
18
Suppose 0 = -2*o - 53*i + 51*i + 16, -24 = -3*o - 4*i. Let s(v) = v**3 - 6*v**2 - 16*v + 3. Calculate s(o).
3
Let v(p) = -p**3 - p**2 + 4*p - 1. Let w(i) = -i**2 + 4. Let x be w(-2). Suppose 5*q = -3*k + k + 64, 0 = -5*q + 4*k + 52. Suppose x*f - 4*f = q. What is v(f)?
5
Let k(j) = -14*j + 18. Suppose 24 = 5*u + v + 10, 2*u - 14 = v. Calculate k(u).
-38
Let y(s) = -102*s - 5812. Let d be y(-57). Let c(n) = -n**2 - n**2 + 4*n**2 + 1 + 2*n. Calculate c(d).
13
Let o be -1 + 8 - (-3 - -10). Suppose -3*h + 2 = 4*y, -2*y = -4*h + 12 - 2. Let f(d) = -d**h + 14 + 0*d + d + 7. Determine f(o).
21
Suppose -341*w - 1303 = 270*w + 4807. Let k(z) = -2*z**3 - 20*z**2 - 5*z - 23. What is k(w)?
27
Let j(i) = -22*i - 77. Suppose 59*b + 4*b = 24*b - 156. Determine j(b).
11
Let n = 124 + -120. Let p be n + (-344)/(-2) + 4. Let a be 3 - (24/p - (-17)/(-15)). Let b(x) = -x**2 + 6*x - 2. What is b(a)?
6
Let u(j) = j**3 - 4*j**2 + 1. Let h be 3 - (0 - (-1 - -1)). Let f be u(h). Let c(m) be the second derivative of -m**3/3 + 7*m**2/2 + 4877*m. Give c(f).
23
Let d(o) = -17*o + 38. Suppose 14*b + r + 1 = 12*b, -2*r = 10. Let p be d(b). Let c(n) = -n - 4. Give c(p).
-8
Let d(z) = z**2 - 6*z - 8. Let u(h) = -3*h**2 + 12*h + 16. Let q(k) = 5*d(k) + 2*u(k). Suppose 83*o = -0*o - 332. Give q(o).
0
Let b(u) = 3*u - 8. Let o = 10138 + -10139. Determine b(o).
-11
Suppose 95*n = 92*n - 9. Let q(i) = -4*i**2 + i - 4. Let r(l) = -3*l**2 + 2*l - 1. Let x(b) = n*r(b) + 2*q(b). What is x(6)?
7
Let u(b) = b**3 - 7*b**2. Let j be (-18)/45 - 1/(15/159). Let i(g) = -g**2 - 14*g - 26. Let w be i(j). Determine u(w).
0
Let m(l) = 3*l**2 + 69 + 69 - 134 + 7*l - 2*l**2 + 6*l. Determine m(-13).
4
Let t(z) be the first derivative of z**2 + 22*z - 6. Let d be t(-10). Let k(q) = 18*q + 3. Let o(w) = 89*w + 16. Let x(l) = d*o(l) - 11*k(l). Give x(1).
-21
Let t(m) = -m. Let h(n) = n**3 + 5*n**2 - n - 2. Let f(l) = -h(l) - 3*t(l). Suppose 118*z = 17*z - 404. Determine f(z).
-30
Let o be 1/(-3 + 6) + 22/6. Let p(r) = o*r**3 + 3*r**3 - 16 + 7*r**3 + r - 15*r**3. Suppose -8*k = -4*k. Determine p(k).
-16
Let r(b) = 23*b + 20. Let a(y) = 8*y + 7. Let x(t) = -17*a(t) + 6*r(t). Let v be 2 - -12 - ((-2)/(-4))/((-288)/(-4032)). Determine x(v).
15
Let s(o) be the third derivative of 0 + 9*o**2 + 1/6*o**3 - 1/4*o**4 - 2*o. Determine s(1).
-5
Let r(k) = -45*k - 4. Let h(a) = -91*a - 9. Let u(y) = -3*h(y) + 7*r(y). Let w(n) = n**3 - 22